e factors of 37241?
167, 223
List the prime factors of 133247.
19, 7013
What are the prime factors of 466376?
2, 97, 601
What are the prime factors of 2915722?
2, 1457861
List the prime factors of 273989.
17, 71, 227
List the prime factors of 11366679.
3, 61, 179, 347
What are the prime factors of 439708?
2, 37, 2971
What are the prime factors of 1161?
3, 43
What are the prime factors of 173284?
2, 43321
List the prime factors of 7987.
7, 163
What are the prime factors of 177122?
2, 11, 83, 97
What are the prime factors of 21651410?
2, 5, 11, 196831
List the prime factors of 8505742.
2, 7, 307, 1979
What are the prime factors of 4403986?
2, 17, 129529
What are the prime factors of 3294940?
2, 5, 11, 17, 881
List the prime factors of 199525.
5, 23, 347
What are the prime factors of 323211?
3, 7, 15391
What are the prime factors of 981626?
2, 167, 2939
List the prime factors of 7578408.
2, 3, 23, 13729
List the prime factors of 383589.
3, 14207
List the prime factors of 7990976.
2, 7, 17837
What are the prime factors of 1352267?
7, 193181
List the prime factors of 6493665.
3, 5, 97, 4463
List the prime factors of 976890.
2, 3, 5, 32563
What are the prime factors of 11906197?
131, 90887
What are the prime factors of 16009539?
3, 7, 13, 347
What are the prime factors of 15445824?
2, 3, 80447
List the prime factors of 1519640.
2, 5, 37991
What are the prime factors of 55632?
2, 3, 19, 61
What are the prime factors of 255139?
23, 11093
List the prime factors of 9459953.
9459953
List the prime factors of 50855.
5, 7, 1453
List the prime factors of 8672135.
5, 1734427
What are the prime factors of 60214?
2, 7, 11, 17, 23
What are the prime factors of 622668?
2, 3, 19, 2731
What are the prime factors of 1155485?
5, 19, 12163
List the prime factors of 177806.
2, 88903
What are the prime factors of 900754?
2, 450377
List the prime factors of 17805011.
7, 2543573
List the prime factors of 212026.
2, 106013
List the prime factors of 1183162.
2, 591581
List the prime factors of 2420513.
43, 181, 311
List the prime factors of 12732636.
2, 3, 7, 151579
What are the prime factors of 227876?
2, 11, 5179
List the prime factors of 254668.
2, 63667
List the prime factors of 6845526.
2, 3, 17, 7457
List the prime factors of 6777208.
2, 847151
List the prime factors of 3317663.
3317663
List the prime factors of 395672.
2, 49459
List the prime factors of 4736675.
5, 189467
List the prime factors of 4629207.
3, 11, 151, 929
What are the prime factors of 7340969?
179, 41011
What are the prime factors of 3781880?
2, 5, 94547
What are the prime factors of 2389358?
2, 1194679
List the prime factors of 1974702.
2, 3, 449, 733
List the prime factors of 19033381.
113, 389, 433
List the prime factors of 758827.
758827
What are the prime factors of 365252?
2, 127, 719
List the prime factors of 217909.
217909
What are the prime factors of 15606291?
3, 43, 311, 389
List the prime factors of 272757.
3, 23, 59, 67
List the prime factors of 4079303.
17, 23, 10433
What are the prime factors of 3249169?
7, 11, 42197
List the prime factors of 1820660.
2, 5, 91033
List the prime factors of 13261518.
2, 3, 701, 1051
List the prime factors of 7165615.
5, 1433123
What are the prime factors of 22983835?
5, 7, 656681
List the prime factors of 318184.
2, 31, 1283
List the prime factors of 3451.
7, 17, 29
List the prime factors of 1305146.
2, 652573
What are the prime factors of 11417833?
7, 43, 5419
What are the prime factors of 7837376?
2, 139, 881
What are the prime factors of 2943954?
2, 3, 13, 23, 547
List the prime factors of 130152.
2, 3, 11, 17, 29
List the prime factors of 1857682.
2, 29, 32029
List the prime factors of 102163.
19, 283
What are the prime factors of 859778?
2, 429889
What are the prime factors of 2214651?
3, 738217
List the prime factors of 216488.
2, 27061
What are the prime factors of 1360641?
3, 647, 701
What are the prime factors of 35218501?
283, 124447
What are the prime factors of 9135251?
41, 181, 1231
List the prime factors of 110014.
2, 67, 821
List the prime factors of 321645.
3, 5, 41, 523
List the prime factors of 90207.
3, 13, 257
List the prime factors of 14975650.
2, 5, 299513
List the prime factors of 2089295.
5, 13, 32143
List the prime factors of 1903696.
2, 43, 2767
List the prime factors of 548850.
2, 3, 5, 3659
What are the prime factors of 1623133?
23, 70571
What are the prime factors of 3067635?
3, 5, 204509
What are the prime factors of 736982?
2, 368491
What are the prime factors of 401010?
2, 3, 5, 13367
List the prime factors of 299896.
2, 19, 1973
What are the prime factors of 3762346?
2, 7, 31, 8669
What are the prime factors of 85519?
7, 19, 643
What are the prime factors of 7481510?
2, 5, 599, 1249
List the prime factors of 4654048.
2, 7, 79, 263
List the prime factors of 1166669.
7, 166667
What are the prime factors of 229289?
37, 6197
What are the prime factors of 2295320?
2, 5, 57383
What are the prime factors of 55721?
55721
List the prime factors of 16669744.
2, 7, 13, 107
What are the prime factors of 952363?
952363
What are the prime factors of 2117703?
3, 7, 31, 3253
What are the prime factors of 6234100?
2, 5, 31, 2011
What are the prime factors of 3712320?
2, 3, 5, 1289
What are the prime factors of 365503?
19, 19237
List the prime factors of 195122.
2, 97561
List the prime factors of 4395994.
2, 29, 75793
What are the prime factors of 64343?
37, 47
List the prime factors of 5791071.
3, 11, 13, 13499
What are the prime factors of 202312?
2, 11, 19
List the prime factors of 196520.
2, 5, 17
What are the prime factors of 1173212?
2, 19, 43, 359
What are the prime factors of 12144919?
17, 181, 3947
List the prime factors of 907012.
2, 226753
What are the prime factors of 4591538?
2, 7, 327967
What are the prime factors of 262280?
2, 5, 79, 83
What are the prime factors of 491821?
11, 44711
List the prime factors of 1020211.
23, 44357
What are the prime factors of 696523?
696523
What are the prime factors of 7826?
2, 7, 13, 43
What are the prime factors of 207117?
3, 2557
List the prime factors of 2472609.
3, 53, 15551
What are the prime factors of 40186708?
2, 17, 293, 2017
List the prime factors of 291979.
291979
What are the prime factors of 1651714?
2, 825857
List the prime factors of 29896287.
3, 911, 10939
What are the prime factors of 523634?
2, 17, 15401
List the prime factors of 892709.
892709
List the prime factors of 387724.
2, 96931
What are the prime factors of 123909?
3, 103, 401
List the prime factors of 535685.
5, 107137
List the prime factors of 3457227.
3, 199, 5791
What are the prime factors of 5735652?
2, 3, 13, 36767
List the prime factors of 1826336.
2, 57073
What are the prime factors of 10490600?
2, 5, 52453
What are the prime factors of 5134825?
5, 293, 701
List the prime factors of 2027181.
3, 13, 59, 881
List the prime factors of 11524098.
2, 3, 1920683
What are the prime factors of 17689547?
17689547
What are the prime factors of 18227901?
3, 71, 85577
What are the prime factors of 1679749?
97, 17317
What are the prime factors of 117989?
117989
List the prime factors of 1374853.
41, 33533
List the prime factors of 4868626.
2, 7, 347759
List the prime factors of 102438.
2, 3, 7, 271
List the prime factors of 14684.
2, 3671
What are the prime factors of 2562259?
7, 52291
What are the prime factors of 1295976?
2, 3, 11, 4909
List the prime factors of 171181.
71, 2411
List the prime factors of 1445645.
5, 289129
List the prime factors of 237080.
2, 5, 5927
List the prime factors of 2182136.
2, 11, 137, 181
What are the prime factors of 2754727?
971, 2837
What are the prime factors of 617479?
617479
What are the prime factors of 7085576?
2, 103, 8599
List the prime factors of 609610.
2, 5, 60961
List the prime factors of 8046644.
2, 17, 73, 1621
List the prime factors of 1808761.
1808761
What are the prime factors of 296486?
2, 148243
List the prime factors of 161304.
2, 3, 11, 13, 47
List the prime factors of 580274.
2, 290137
List the prime factors of 5302964.
2, 241, 5501
List the prime factors of 56388.
2, 3, 37, 127
List the prime factors of 176285.
5, 35257
List the prime factors of 1390493.
13, 106961
List the prime factors of 1294461.
3, 7, 761
What are the prime factors of 202171?
41, 4931
What